{"id":6375,"date":"2013-05-10T20:38:05","date_gmt":"2013-05-10T20:38:05","guid":{"rendered":"http:\/\/www.digitalcarmagazine.com.tr\/Web\/wp-content\/uploads\/Toyotadan-Trafik-G\u00fcvenligi-\u0130\u00e7in-Sorumlu-Yaklas\u0131m.jpg"},"modified":"2013-05-10T20:38:05","modified_gmt":"2013-05-10T20:38:05","slug":"toyotadan-trafik-guvenligi-icin-sorumlu-yaklasim","status":"inherit","type":"attachment","link":"https:\/\/www.digitalcarmagazine.com.tr\/Web\/toyota%e2%80%99dan-trafik%e2%80%99te-guvenlik-icin-sorumlu-yaklasim\/toyotadan-trafik-guvenligi-icin-sorumlu-yaklasim\/","title":{"rendered":"Toyota&#8217;dan Trafik G\u00fcvenligi \u0130\u00e7in Sorumlu Yaklas\u0131m"},"author":1,"comment_status":"open","ping_status":"open","template":"","meta":[],"description":{"rendered":"<p class=\"attachment\"><a href='https:\/\/www.digitalcarmagazine.com.tr\/Web\/wp-content\/uploads\/Toyotadan-Trafik-G\u00fcvenligi-\u0130\u00e7in-Sorumlu-Yaklas\u0131m.jpg'><img width=\"300\" height=\"199\" src=\"https:\/\/www.digitalcarmagazine.com.tr\/Web\/wp-content\/uploads\/Toyotadan-Trafik-G\u00fcvenligi-\u0130\u00e7in-Sorumlu-Yaklas\u0131m-300x199.jpg\" class=\"attachment-medium size-medium\" alt=\"\" loading=\"lazy\" srcset=\"https:\/\/www.digitalcarmagazine.com.tr\/Web\/wp-content\/uploads\/Toyotadan-Trafik-G\u00fcvenligi-\u0130\u00e7in-Sorumlu-Yaklas\u0131m-300x199.jpg 300w, https:\/\/www.digitalcarmagazine.com.tr\/Web\/wp-content\/uploads\/Toyotadan-Trafik-G\u00fcvenligi-\u0130\u00e7in-Sorumlu-Yaklas\u0131m-1024x682.jpg 1024w, https:\/\/www.digitalcarmagazine.com.tr\/Web\/wp-content\/uploads\/Toyotadan-Trafik-G\u00fcvenligi-\u0130\u00e7in-Sorumlu-Yaklas\u0131m.jpg 1949w\" sizes=\"(max-width: 300px) 100vw, 300px\" \/><\/a><\/p>\n"},"caption":{"rendered":""},"alt_text":"","media_type":"image","mime_type":"image\/jpeg","media_details":{"width":"1949","height":"1299","hwstring_small":"height='85' width='128'","file":"Toyotadan-Trafik-G\u00fcvenligi-\u0130\u00e7in-Sorumlu-Yaklas\u0131m.jpg","sizes":{"thumbnail":{"file":"Toyotadan-Trafik-G\u00fcvenligi-\u0130\u00e7in-Sorumlu-Yaklas\u0131m-150x150.jpg","width":"150","height":"150","source_url":"https:\/\/www.digitalcarmagazine.com.tr\/Web\/wp-content\/uploads\/Toyotadan-Trafik-G\u00fcvenligi-\u0130\u00e7in-Sorumlu-Yaklas\u0131m-150x150.jpg"},"medium":{"file":"Toyotadan-Trafik-G\u00fcvenligi-\u0130\u00e7in-Sorumlu-Yaklas\u0131m-300x199.jpg","width":"300","height":"199","source_url":"https:\/\/www.digitalcarmagazine.com.tr\/Web\/wp-content\/uploads\/Toyotadan-Trafik-G\u00fcvenligi-\u0130\u00e7in-Sorumlu-Yaklas\u0131m-300x199.jpg"},"large":{"file":"Toyotadan-Trafik-G\u00fcvenligi-\u0130\u00e7in-Sorumlu-Yaklas\u0131m-1024x682.jpg","width":"1024","height":"682","source_url":"https:\/\/www.digitalcarmagazine.com.tr\/Web\/wp-content\/uploads\/Toyotadan-Trafik-G\u00fcvenligi-\u0130\u00e7in-Sorumlu-Yaklas\u0131m-1024x682.jpg"},"feat_slider":{"file":"Toyotadan-Trafik-G\u00fcvenligi-\u0130\u00e7in-Sorumlu-Yaklas\u0131m-628x290.jpg","width":"628","height":"290","source_url":"https:\/\/www.digitalcarmagazine.com.tr\/Web\/wp-content\/uploads\/Toyotadan-Trafik-G\u00fcvenligi-\u0130\u00e7in-Sorumlu-Yaklas\u0131m-628x290.jpg"},"full":{"file":"Toyotadan-Trafik-G\u00fcvenligi-\u0130\u00e7in-Sorumlu-Yaklas\u0131m.jpg","width":1949,"height":1299,"mime_type":"image\/jpeg","source_url":"https:\/\/www.digitalcarmagazine.com.tr\/Web\/wp-content\/uploads\/Toyotadan-Trafik-G\u00fcvenligi-\u0130\u00e7in-Sorumlu-Yaklas\u0131m.jpg"}},"image_meta":{"aperture":"4","credit":"","camera":"Canon EOS 5D Mark II","caption":"","created_timestamp":"1368011645","copyright":"","focal_length":"24","iso":"1600","shutter_speed":"0.01","title":""}},"post":6374,"source_url":"https:\/\/www.digitalcarmagazine.com.tr\/Web\/wp-content\/uploads\/Toyotadan-Trafik-G\u00fcvenligi-\u0130\u00e7in-Sorumlu-Yaklas\u0131m.jpg","_links":{"self":[{"href":"https:\/\/www.digitalcarmagazine.com.tr\/Web\/wp-json\/wp\/v2\/media\/6375"}],"collection":[{"href":"https:\/\/www.digitalcarmagazine.com.tr\/Web\/wp-json\/wp\/v2\/media"}],"about":[{"href":"https:\/\/www.digitalcarmagazine.com.tr\/Web\/wp-json\/wp\/v2\/types\/attachment"}],"author":[{"embeddable":true,"href":"https:\/\/www.digitalcarmagazine.com.tr\/Web\/wp-json\/wp\/v2\/users\/1"}],"replies":[{"embeddable":true,"href":"https:\/\/www.digitalcarmagazine.com.tr\/Web\/wp-json\/wp\/v2\/comments?post=6375"}]}}

http://www.digitalcarmagazine.com.tr/Web/wp-content/uploads/Toyotadan-Trafik-Güvenligi-İçin-Sorumlu-Yaklasım.jpg

Toyota&#8217;dan Trafik Güvenligi İçin Sorumlu Yaklasım

<p class="attachment"><a href='https://www.digitalcarmagazine.com.tr/Web/wp-content/uploads/Toyotadan-Trafik-Güvenligi-İçin-Sorumlu-Yaklasım.jpg'><img width="300" height="199" src="https://www.digitalcarmagazine.com.tr/Web/wp-content/uploads/Toyotadan-Trafik-Güvenligi-İçin-Sorumlu-Yaklasım-300x199.jpg" class="attachment-medium size-medium" alt="" loading="lazy" srcset="https://www.digitalcarmagazine.com.tr/Web/wp-content/uploads/Toyotadan-Trafik-Güvenligi-İçin-Sorumlu-Yaklasım-300x199.jpg 300w, https://www.digitalcarmagazine.com.tr/Web/wp-content/uploads/Toyotadan-Trafik-Güvenligi-İçin-Sorumlu-Yaklasım-1024x682.jpg 1024w, https://www.digitalcarmagazine.com.tr/Web/wp-content/uploads/Toyotadan-Trafik-Güvenligi-İçin-Sorumlu-Yaklasım.jpg 1949w" sizes="(max-width: 300px) 100vw, 300px" /></a></p>

Toyotadan-Trafik-Güvenligi-İçin-Sorumlu-Yaklasım.jpg

Toyotadan-Trafik-Güvenligi-İçin-Sorumlu-Yaklasım-150x150.jpg

https://www.digitalcarmagazine.com.tr/Web/wp-content/uploads/Toyotadan-Trafik-Güvenligi-İçin-Sorumlu-Yaklasım-150x150.jpg

Toyotadan-Trafik-Güvenligi-İçin-Sorumlu-Yaklasım-300x199.jpg

https://www.digitalcarmagazine.com.tr/Web/wp-content/uploads/Toyotadan-Trafik-Güvenligi-İçin-Sorumlu-Yaklasım-300x199.jpg

Toyotadan-Trafik-Güvenligi-İçin-Sorumlu-Yaklasım-1024x682.jpg

https://www.digitalcarmagazine.com.tr/Web/wp-content/uploads/Toyotadan-Trafik-Güvenligi-İçin-Sorumlu-Yaklasım-1024x682.jpg

Toyotadan-Trafik-Güvenligi-İçin-Sorumlu-Yaklasım-628x290.jpg

https://www.digitalcarmagazine.com.tr/Web/wp-content/uploads/Toyotadan-Trafik-Güvenligi-İçin-Sorumlu-Yaklasım-628x290.jpg

https://www.digitalcarmagazine.com.tr/Web/wp-content/uploads/Toyotadan-Trafik-Güvenligi-İçin-Sorumlu-Yaklasım.jpg
